)/(-27)?
3
Let t be (-12)/(-1 - 2) - 2. Suppose 5*s - 2*f - 44 = 0, 2*s + t*f + 2*f = 32. Suppose -a - s = -6*a. What is the units digit of a?
2
Let b(k) = k**3. Let i be b(-1). Let s be (-3 - (i - 1))*-3. Suppose -s*o = -0*o - 24. What is the units digit of o?
8
Let u be (10/(-4))/((-3)/6). Suppose u*l - 64 = 4*w, 6*l = 5*l - 3*w + 9. What is the tens digit of l?
1
Let q = 0 - 3. Let k be (-5)/15 - 4/q. What is the units digit of (-1)/k + (2 - -5)?
6
Let u(w) = -w**3 + w + 117. What is the hundreds digit of u(0)?
1
What is the units digit of (((-8)/6)/(-2))/(8/1236)?
3
Suppose -g - 64 = -5*g. Suppose z - 13 = g. What is the units digit of z?
9
Let o(d) = d**2 + 2*d - 3. Let b be o(6). Suppose 22 = 4*r - 2*f, -4*f + 26 = 2*r - 10. Suppose -r*s + b = -3*s. What is the units digit of s?
9
Suppose 0 = b - 0*b + 2*c - 88, 0 = -4*b + 3*c + 341. What is the units digit of b?
6
Suppose -3*b + 0 = -3. What is the units digit of (1 + b)*(0 + 2)?
4
Suppose -2*y = -a - y + 7, -2*y = -4*a + 22. Suppose j - a = -2. What is the units digit of j?
2
Suppose 16 = -0*h + 2*h. Suppose -3*g - 4 = -2*g. Let s = h + g. What is the units digit of s?
4
Let m = 2 + -4. Let p = m + 0. Let i = 3 + p. What is the units digit of i?
1
Suppose -2*m - m + 125 = 5*p, p = -m + 41. What is the tens digit of m?
4
Let o = 195 - 189. What is the units digit of o?
6
Let o = 364 - 186. What is the units digit of o?
8
Let q be (30/9)/(2/3). Suppose q*c = -40 + 170. What is the units digit of c?
6
Let f(a) = 30*a - 2. What is the tens digit of f(1)?
2
Let q(g) = 2*g + 2. Let f be q(-4). Let i be f - -4 - -7*1. Suppose 0 = -i*n + 4 + 1. What is the units digit of n?
1
Let o = -43 + 95. What is the tens digit of o?
5
Suppose 0 = -5*a + 4*n + 23, -4*n - 4 = 2*a + n. Suppose -4*s = a*w - 29, 2*w = 4*w - 4*s - 26. What is the tens digit of w?
1
Let g be 15/(-4)*16/4. Let p = g - 114. What is the units digit of 1/4 + p/(-12)?
1
Let i = 13 - -57. What is the tens digit of i?
7
Let o be -2*2 + (-3 - -5). Let z be (-26)/(o - 4/(-3)). Suppose -h = 3*n + 2*h - z, -2*n + 41 = 5*h. What is the units digit of n?
8
Suppose 6*l = 7*l - 65. What is the units digit of l?
5
Suppose -2*w - 1 = -41. Suppose -p - p = -2*g + 12, 5*p = w. What is the units digit of g?
0
Let z be (36/(-15))/((-2)/10). What is the units digit of 8/z*(-9)/(-2)?
3
Suppose 5*n - 52 = 4*b, -2*n + 3*n + 2*b - 2 = 0. What is the units digit of 2/((n/10)/2)?
5
Let x be (12/8)/((-3)/(-4)). Suppose 1 - 5 = -x*w. Suppose 0 = 5*s - w*s - 9. What is the units digit of s?
3
Let c = -11 - 3. Let a = -7 - c. Suppose -k + 3*b - 14 = 0, -3*b + 4 + a = -4*k. What is the units digit of k?
1
Let b = -21 - -30. What is the units digit of b?
9
Let u(a) = -a**3 - 6*a**2 + 8*a + 2. Let h be u(-7). Let i(d) = -d**3 - 6*d**2 - 2*d - 6. Let x be i(-6). Let f = x + h. What is the units digit of f?
1
Let i(l) = 0 - l**3 - 10 + 4*l - 2*l - 2*l**2 + 9*l**2. Let g be i(7). What is the units digit of (9/(-2))/(g/(-8))?
9
Let l be -62*(15/(-6) - -3). Let n = 87 + l. What is the units digit of ((-160)/n)/(2/(-7))?
0
Suppose 0 = -2*c + 90 + 80. What is the tens digit of c?
8
Let d(m) = 13*m**2 + 4*m + 2. Let q be d(-2). Suppose -2*i = 16 - q. What is the units digit of i?
5
Let x be 8 + (-3 - -2)*1. Suppose -12*h + 80 = -x*h. What is the tens digit of h?
1
Let n = 118 + -43. What is the tens digit of n?
7
Let g(d) = -d - 13. Let o be g(-13). What is the units digit of (-10)/4*(-2 - o)?
5
Suppose -9*u = -6*u. Suppose 52 = 2*k - b, 2*k + 3*b - 52 = -u*b. What is the units digit of k?
6
Let u be ((-1 - -1)*1)/(-2). Let x(z) = z**3 - 5*z**2 + 3*z + 5. Let q be x(4). Let l = q + u. What is the units digit of l?
1
Suppose 4*y = -2*x + 22, -6*y + 4*y + 2*x - 4 = 0. Let q be 2 + 1 + (-18)/y. What is the units digit of (-26 + 0)/(-2) - q?
6
Suppose -2*u - 2*u = 4. Let t be 2*u + (-2)/(-1). Suppose t = 3*d + r - 29, 0*d - 2*r - 6 = -2*d. What is the units digit of d?
8
Let w(n) = -n + 10. What is the units digit of w(6)?
4
Let l = -5 + 6. Suppose g = 2*x + 3*g + 4, -2*x = -3*g - 16. Let q = x + l. What is the units digit of q?
3
Suppose -4*d = -a - 50 + 11, 4*d - 62 = 2*a. Let w = a + 45. What is the tens digit of w?
2
Let m be -1*(-1 - 1/1). Let v(l) = 3 + 8 - 6 - m*l. What is the tens digit of v(-5)?
1
Let f be -1 - (1 + 0) - -4. Suppose -f*v - 3*t = -1, -v + 6 = -3*t - t. Suppose -7 = -3*i - p, 3*p + v - 11 = -5*i. What is the units digit of i?
3
Let i = 27 + -25. What is the units digit of i?
2
Suppose -5*c + 3*k + 144 = 42, k + 41 = 2*c. What is the tens digit of c?
2
Suppose -7*j + 6*j = -33. Let k = -15 + j. What is the units digit of k?
8
Suppose 0 = -d + r + 15, 25 = -6*r + r. What is the tens digit of d?
1
Let l = -34 + 49. Let z = l - 11. Suppose 0 = -q - z, 3*y - 27 = 3*q - 6. What is the units digit of y?
3
Let o = -2 + 36. What is the units digit of o?
4
Suppose 0*i = -i + 6. Suppose 0 = -i*w + 9*w - 3. What is the units digit of w?
1
Suppose 4*j + i + 21 = -8, -2*j - 3*i - 27 = 0. Let d(y) = y**3 + 5*y**2 - 6*y + 5. What is the units digit of d(j)?
5
Suppose 2*c - 3*l = 2*l + 19, 3*l = 2*c - 9. What is the tens digit of (231/(-28))/(c/8)?
2
Let c = 107 - 75. What is the tens digit of c?
3
Let g(a) = -a. Let y be g(-2). What is the units digit of 4/(6/(-4) + y)?
8
Let o = 20 + 10. What is the units digit of o?
0
What is the tens digit of 1/(-5) - (2542/(-10) - 1)?
5
Suppose -2*w - 10 = 0, 3*w + 2 = -4*k - 1. What is the tens digit of 0*k/9 + 16?
1
Let o(z) = -3*z**2 - z - 15. Let w(r) = r**2 + 7. Let t(l) = -2*o(l) - 5*w(l). What is the tens digit of t(4)?
1
Suppose 2*f = 2*g + 3 + 1, -5*f = -3*g - 6. Let m = g - 4. What is the units digit of 3*(-2)/m*7?
7
Let i be 2/(-4)*1*-30. What is the tens digit of (250/i)/(4/6)?
2
Suppose 23 - 3 = 2*j + 2*y, -4*j = 2*y - 30. Suppose 5*i = 2*i + 9. What is the units digit of j/(i/(3*2))?
0
Let l(m) = m + 2. Let z(c) = -c + 1. Let r(q) = l(q) + 2*z(q). What is the units digit of r(0)?
4
Let u be (-2*2)/(-7 + 5). Suppose -4*z - u = -34. What is the units digit of z?
8
Let q = -512 - -751. What is the units digit of q?
9
Let f = 106 - -16. What is the hundreds digit of f?
1
Suppose 7 = -4*j + 19. Suppose -j*w = -4*w. Let v = w - -1. What is the units digit of v?
1
Suppose 0 = -17*k + 13*k + 204. What is the units digit of k?
1
Suppose 0*i = -2*i. Let h = 5 - i. What is the units digit of h?
5
Let t be ((-6)/(-4))/((-3)/(-4)). Let r = -7 - -31. What is the units digit of (r/9)/(t/9)?
2
Let h = -6 + 2. Let d = -4 - h. What is the units digit of (-2 + d)*(-14)/4?
7
Let o = 8 - 6. Suppose -3*r - o - 10 = 4*i, -4*r - 16 = 2*i. Let b = r + 7. What is the units digit of b?
3
Let g(a) = a**3 - 4*a**2 - a + 2. Let l be g(5). Suppose 0 = 3*w - 8 - l. Let v = w - -1. What is the units digit of v?
1
Let y(p) = 2*p + 14. Let x be y(-10). Suppose h - 3*i = 3, -3*h + 3*i - 6 = -5*h. Let u = h - x. What is the units digit of u?
9
What is the hundreds digit of (4/10)/((-3)/(-8415)*3)?
3
Suppose -2*z - 45 = -3*z. Suppose -z = -5*a + 4*m, 5*a - 3*m = -8*m + 45. What is the units digit of a?
9
Let q(n) = 5*n - 4. Let o(f) = -14*f + 12. Let t(y) = 6*o(y) + 17*q(y). Let k(c) = c**3 + 9*c**2 + c + 12. Let s be k(-9). What is the units digit of t(s)?
7
Suppose 2*b + 5*z = 11, -z - 1 = -2*b + 4. Suppose f = p + 3*f - 6, -b*f = -3*p. Suppose 0 = -4*d - 0*m - 2*m + 34, 6 = p*m. What is the units digit of d?
7
Let x be ((-2)/(-3) - 0)*9. Let d(f) = f**2 - 2*f - 8. Let z be d(x). Suppose -4*h + z = -8. What is the units digit of h?
6
Suppose 2*i - 155 = -3*i. What is the units digit of i?
1
Suppose 0 = -2*a - 3*a - 10. Let f be a - (1/1 + -36). Suppose 0 = 5*s - 5*b - 35, 3*b = 4*s - 7*s + f. What is the units digit of s?
9
Suppose -816 = 8*x - 12*x. What is the units digit of x?
4
Suppose 4*r = -3*u + 67, -r + 0*u + 28 = -3*u. Suppose 0 = -2*f - 4*m + 42, -2*f = -f + m - r. What is the units digit of f?
7
Suppose 2*m = -0 + 2. Suppose 3*u - 4*a - 16 = 0, 0 = -3*u + 5*a - 4 + 18. Let v = u + m. What is the units digit of v?
9
Let k = 129 - 112. What is the tens digit of k?
1
Suppose -4*y = 0, g - 4 = y + 36. What is the units digit of g?
0
Let q = -215 - -306. What is the tens digit of q?
9
Suppose 0 = -7*c - 177 + 618. What is the units digit o